{"id":104,"date":"2025-02-24T18:33:48","date_gmt":"2025-02-24T17:33:48","guid":{"rendered":"https:\/\/djjaro.pl\/?page_id=104"},"modified":"2025-03-04T18:51:30","modified_gmt":"2025-03-04T17:51:30","slug":"oferta-cenowa","status":"publish","type":"page","link":"https:\/\/djjaro.pl\/?page_id=104","title":{"rendered":"Oferta cenowa"},"content":{"rendered":"\n<p class=\"has-text-align-center\"><mark style=\"background-color:rgba(0, 0, 0, 0)\" class=\"has-inline-color has-black-color\"><strong>Wesele jednodniowe w sobot\u0119: 3600 z\u0142<\/strong>  <br>(12 godzin od wej\u015bcia M\u0142odej Pary)<br>*Istnieje mo\u017cliwo\u015b\u0107 przed\u0142u\u017cenia po uzgodnieniu z obs\u0142ug\u0105 lokalu.<\/mark><br><br><mark style=\"background-color:rgba(0, 0, 0, 0)\" class=\"has-inline-color has-black-color\"><strong>Wesele dwudniowe: 4600 z\u0142 <\/strong><br>(sobota i poprawiny w niedziel\u0119)<br>(12 godzin w sobot\u0119 i 6 godzin w niedziel\u0119)<br>*Istnieje mo\u017cliwo\u015b\u0107 przed\u0142u\u017cenia po uzgodnieniu z obs\u0142ug\u0105 lokalu<\/mark>.<\/p>\n\n\n\n<p class=\"has-text-align-center\"><mark style=\"background-color:rgba(0, 0, 0, 0)\" class=\"has-inline-color has-black-color\"><strong>Wesele jednodniowe w tygodniu: 3000 z\u0142<\/strong><br>(poniedzia\u0142ek, wtorek, \u015broda, czwartek, pi\u0105tek)  <br>(12 godzin od wej\u015bcia M\u0142odej Pary)<br>*Istnieje mo\u017cliwo\u015b\u0107 przed\u0142u\u017cenia po uzgodnieniu z obs\u0142ug\u0105 lokalu.<\/mark><\/p>\n\n\n\n<p class=\"has-text-align-center\"><mark style=\"background-color:rgba(0, 0, 0, 0)\" class=\"has-inline-color has-black-color\"><strong>Wesele dwudniowe w tygodniu: 4000 z\u0142<\/strong><br>(poniedzia\u0142ek-wtorek, wtorek-\u015broda, \u015broda-czwartek, czwartek-pi\u0105tek)<br>(12 godzin w sobot\u0119 i 6 godzin w drugi dzie\u0144)<br>*Istnieje mo\u017cliwo\u015b\u0107 przed\u0142u\u017cenia po uzgodnieniu z obs\u0142ug\u0105 lokalu.<\/mark><\/p>\n\n\n\n<p class=\"has-text-align-center\"><strong><mark style=\"background-color:rgba(0, 0, 0, 0)\" class=\"has-inline-color has-black-color\">Impreza firmowa<\/mark><\/strong><mark style=\"background-color:rgba(0, 0, 0, 0)\" class=\"has-inline-color has-black-color\"><br>Ceny ustalane s\u0105 indywidualnie, wystawiam faktur\u0119 Vat.<\/mark><\/p>\n\n\n\n<p class=\"has-text-align-center\"><mark style=\"background-color:rgba(0, 0, 0, 0)\" class=\"has-inline-color has-black-color\"><strong>Urodziny, jubileusze, z\u0142ote gody<\/strong><br>Ceny ustalane s\u0105 indywidualnie<\/mark>.<\/p>\n\n\n\n<p class=\"has-text-align-center\"><strong><mark style=\"background-color:rgba(0, 0, 0, 0)\" class=\"has-inline-color has-black-color\">*  &#8211; Ustalenie z obs\u0142ug\u0105 lokalu jest warunkiem przed\u0142u\u017cenia.<\/mark><\/strong><br><mark style=\"background-color:rgba(0, 0, 0, 0)\" class=\"has-inline-color has-black-color\">Wi\u0119kszo\u015b\u0107 z nas pracuje w okre\u015blonych godzinach,<br>obs\u0142uga lokalu r\u00f3wnie\u017c.<br><br>Problem pojawia si\u0119, gdy DJ zwija sprz\u0119t, to nie trwa 15 minut ale d\u0142u\u017cej.<br>Wtedy rodz\u0105 si\u0119 konflikty z obs\u0142ug\u0105 lokalu, kt\u00f3ra zwyczajnie zamierza i\u015b\u0107 do domu.<br>Dlatego uzgodnienie z obs\u0142ug\u0105 lokalu jest niezb\u0119dne z uwzgl\u0119dnieniem dodatkowych 30-40 minut,<br>aby DJ m\u00f3g\u0142 spokojnie z\u0142o\u017cy\u0107 sprz\u0119t, kable itp i zanie\u015b\u0107 je do samochodu.<\/mark><\/p>\n\n\n\n<p class=\"has-text-align-center\"><br><\/p>\n","protected":false},"excerpt":{"rendered":"<p>Wesele jednodniowe w sobot\u0119: 3600 z\u0142 (12 godzin od wej\u015bcia M\u0142odej Pary)*Istnieje mo\u017cliwo\u015b\u0107 przed\u0142u\u017cenia po uzgodnieniu z obs\u0142ug\u0105 lokalu. Wesele dwudniowe: 4600 z\u0142 (sobota i poprawiny w niedziel\u0119)(12 godzin w sobot\u0119 i 6 godzin w niedziel\u0119)*Istnieje mo\u017cliwo\u015b\u0107 przed\u0142u\u017cenia po uzgodnieniu z obs\u0142ug\u0105 lokalu. Wesele jednodniowe w tygodniu: 3000 z\u0142(poniedzia\u0142ek, wtorek,&#8230; <a class=\"continue-reading-link\" href=\"https:\/\/djjaro.pl\/?page_id=104\"> Continue reading <span class=\"meta-nav\">&rarr; <\/span><\/a><\/p>\n","protected":false},"author":1,"featured_media":0,"parent":0,"menu_order":0,"comment_status":"closed","ping_status":"closed","template":"","meta":{"footnotes":""},"class_list":["post-104","page","type-page","status-publish","hentry"],"_links":{"self":[{"href":"https:\/\/djjaro.pl\/index.php?rest_route=\/wp\/v2\/pages\/104","targetHints":{"allow":["GET"]}}],"collection":[{"href":"https:\/\/djjaro.pl\/index.php?rest_route=\/wp\/v2\/pages"}],"about":[{"href":"https:\/\/djjaro.pl\/index.php?rest_route=\/wp\/v2\/types\/page"}],"author":[{"embeddable":true,"href":"https:\/\/djjaro.pl\/index.php?rest_route=\/wp\/v2\/users\/1"}],"replies":[{"embeddable":true,"href":"https:\/\/djjaro.pl\/index.php?rest_route=%2Fwp%2Fv2%2Fcomments&post=104"}],"version-history":[{"count":16,"href":"https:\/\/djjaro.pl\/index.php?rest_route=\/wp\/v2\/pages\/104\/revisions"}],"predecessor-version":[{"id":139,"href":"https:\/\/djjaro.pl\/index.php?rest_route=\/wp\/v2\/pages\/104\/revisions\/139"}],"wp:attachment":[{"href":"https:\/\/djjaro.pl\/index.php?rest_route=%2Fwp%2Fv2%2Fmedia&parent=104"}],"curies":[{"name":"wp","href":"https:\/\/api.w.org\/{rel}","templated":true}]}}